 2*x - 3*u = -2*u, 5*x - 3*u = -1. Let v(w) be the third derivative of w**6/120 - w**5/30 + w**3/6 + 9*w**2. Give v(x).
0
Let i(v) = -v**3 + v**2 + 3*v + 4. Suppose -9 = -2*g - g. What is i(g)?
-5
Let g be -5 + -1*(1 + 2). Let c(y) = y**2 + 8*y - 4. Calculate c(g).
-4
Let r(i) = -i**2 - 8896*i + 1 + 24*i**3 + 8896*i. Calculate r(-1).
-24
Let v = 10 + -16. Let k(i) = i + 3. Calculate k(v).
-3
Let o(u) be the first derivative of u**2 + u - 1. Let i be 4 - (-1)/((-1)/2). What is o(i)?
5
Let d = 19 + -24. Let r(i) = i + 6. Give r(d).
1
Suppose -2*b + 6 = -4*g, 4*b + b - 2*g = -25. Let p(a) = 2*a + 9. Let m be p(b). Let q(u) = u. Determine q(m).
-5
Let m(o) = -4*o + 17. Let y be m(6). Let v(c) = c**3 + 8*c**2 + 9*c + 10. Give v(y).
-4
Let o = -4 - -5. Let u be 2*(-2)/(o - -3). Let w be 1 + -2 - (-1 + u). Let c(z) = -6*z**2 + 2*z - 1. Calculate c(w).
-5
Let c(k) = -k**3 + 9*k + 3. Let j be c(3). Let a(b) = -b. Give a(j).
-3
Let j(h) = -2*h**3 - 27*h**2 - 19*h + 2. Let y(b) = b**3 + 13*b**2 + 9*b - 1. Let r(o) = -6*j(o) - 13*y(o). Give r(-6).
-17
Let d(y) = -y**2 + 3*y + 17. Let w be d(6). Let x(s) = -9*s + 1. Determine x(w).
10
Let w(u) be the first derivative of -u**3/3 + 3*u**2 - 7*u + 21. What is w(5)?
-2
Suppose -4*b = -8 - 16. Suppose -3 + 6 = 4*f + 5*x, -4*x = 2*f + b. Let s = f - 12. Let r(d) = d + 5. Determine r(s).
0
Let a(u) = u**3 - 5*u**2 - 14*u - 6. Let o be a(7). Let m(g) = -g. Give m(o).
6
Let i be (0 + 1)/(-1 - -2). Let p(m) = m**2 + 1. Let v(x) = -3*x**2 + 3*x - 4. Let a(c) = i*v(c) + 2*p(c). Calculate a(4).
-6
Suppose 2*q + 9 = 4*u + 3, 5*q = -5*u - 15. Let m be q - (-3 + 2 - -3). Let z(t) = t**3 + 6*t**2 + 5*t + 5. Determine z(m).
5
Let z(t) = t**2 - 5*t - 5. Let m be ((-2)/4)/((-1)/14). Give z(m).
9
Let a(b) = -b - 9. Suppose -2 - 13 = 3*c. Calculate a(c).
-4
Let r(b) = -b**3 - 5*b**2 - 5*b + 1. Suppose 8*n - 28 = 4*n. Let c be (-3 + n)/(1 - 2). Determine r(c).
5
Let o(c) = -2*c. Suppose 4*v - 8*v = -24. Let i be (2/2)/(v/12). Determine o(i).
-4
Let h(c) = 7*c - 3*c**2 + 0*c**2 - 3*c**2 + 4 - c**3. Let n be h(-7). Let f(g) = -g**2 + 2*g + 2. What is f(n)?
-6
Suppose p = -3*y - 10, 0*p + 4*p + 3*y = 5. Let a(k) = k**2 - 6*k - 7. Determine a(p).
-12
Let j(g) = g. Let d = 5 - 3. Let c(x) = -d + 5 - 1 + x**2 + x. Let h be c(0). Calculate j(h).
2
Suppose i + 0 = -3. Let q(r) be the first derivative of -r**4/4 - 2*r**3/3 - r**2/2 - 4*r + 3. Give q(i).
8
Let y(c) = -2*c**2 + c - 6. Suppose 0 = 3*h - 5*h - 2. Let b(q) be the first derivative of -q + 1. Let o(l) = h*y(l) + 5*b(l). Give o(1).
2
Let x(q) be the second derivative of -2*q**3/3 + q**2 - 20*q. Give x(-2).
10
Let t(v) = v**2 + 8*v + 5. Let s = 21 + -13. Let h(b) = -3*b**2 - 23*b - 14. Let g(q) = s*t(q) + 3*h(q). Determine g(-3).
4
Let d(j) = -j**3 - 13*j**2 + 6*j - 4. Let g(o) = o**2 - 1. Let f(x) = d(x) + 6*g(x). What is f(-8)?
6
Let s(j) be the second derivative of 0 + 0*j**2 + 1/12*j**4 + j**3 + 2*j. Calculate s(-6).
0
Let n(c) = c**3 + 4*c**2 + 4*c + 3. Let b be n(-2). Suppose -v - 5*x = 6 + 12, 0 = -5*v + 4*x - b. Let i(y) = -y + 0 - 3 + 5. Give i(v).
5
Let o = 1 - 1. Let w(x) = -x**2 - x + 4. Calculate w(o).
4
Let l(j) be the first derivative of -2*j**2 - 3*j - 3. What is l(-2)?
5
Let m(v) be the second derivative of -v**5/20 + 5*v**4/12 - 5*v**3/6 + v**2 - 12*v. Determine m(3).
5
Let h(d) = 3*d**2 + 3*d + 1. Let z(x) = -6 - 3*x + 6 + 1. Suppose -20 = 5*v - 5*a, -v + a = -2*v + 6. Let r be z(v). What is h(r)?
7
Let q be 2/6 + 10/6. Let h(f) = 6*f**2 - 2*f + 2. Calculate h(q).
22
Let i(x) = x**3 + 7*x**2 + 7*x + 6. Let h(l) = l**3 + 6*l**2 + 5*l - 5. Let v be h(-5). What is i(v)?
21
Let w = 3 + -5. Let r be ((-15)/(-6))/(w/4). Let f be (18/30)/((-1)/r). Let k(p) = -p + 4. Calculate k(f).
1
Let m(z) = z**3 - z**2 - 3*z + 3. Let v be m(2). Let s(l) = -6*l**2 - 2*l + 1. What is s(v)?
-7
Let k(b) = 20*b + 13. Let u(f) = 5*f + 3. Let h(c) = 2*k(c) - 9*u(c). Let i be 1/(-5) + (-12)/15. Determine h(i).
4
Suppose u + 4*j = -11, 0 = -2*u + 2*j - 12. Let m(z) = -z**2 - 7*z - 6. Give m(u).
-6
Let d(j) = -j - 2. Let i = -212 + 203. Calculate d(i).
7
Let u(f) = f**2 - 2*f + 1. Suppose -9 - 18 = -3*t. Let a be 2 + 6/(t/(-3)). Suppose a = -2*y - 4. Calculate u(y).
9
Let p = -1 + 2. Suppose -3 + 4 = g + 4*j, 0 = j + 2. Let d(x) = 0*x**2 + 9*x - 10*x + g*x**2. Give d(p).
8
Suppose 6*d - 4*d - 4 = -3*i, 8 = 5*i + 2*d. Let r be 3 + 4 + (-6)/i. Let l(q) = -8*q - 3 - 4 + r*q + 1. What is l(-4)?
10
Let w be 81/8 - (-4)/(-32). Let p(a) = 7*a - a**2 + 9*a + 4 + 0 - w*a. Give p(7).
-3
Suppose 2 = 3*q - 13, -5*q - 5 = -2*n. Let j be (-9)/n + (-16)/(-10). Let k(d) = -4*d. Determine k(j).
-4
Let h(m) be the second derivative of 6*m + 1/6*m**3 + 1/2*m**2 + 0. Determine h(0).
1
Suppose 22*n = 3*n - 57. Let f(g) = -2*g**2 - 5*g - 2. What is f(n)?
-5
Let n(v) = -9*v - 81. Let k be (-3 + 2)*(-2)/(-1). Let z(r) = -r - 8. Let o(j) = k*n(j) + 21*z(j). Calculate o(-4).
6
Let j be 2/(-3*6/27). Let q(k) = -6. Let t(w) = -w - 13. Let p(d) = -7*q(d) + 3*t(d). Determine p(j).
12
Let j = 14 - 10. Let m(p) = -5*p**2 + 4 - 2 + j*p + p**3 - 1. What is m(3)?
-5
Suppose 0*w + w - 3*m + 15 = 0, 0 = -5*w - 4*m + 20. Let n(h) = -h**2 + 3. Give n(w).
3
Suppose -3*j = j - 4. Let p(b) = -7*b**2 + b + j - 2*b**2 + 0 + 2*b**2. Suppose 4*n - 4*k + 2*k = -4, 4*k = 0. Give p(n).
-7
Suppose 4*k = 2*k - 12. Let v(t) = -t**3 - 5*t**2 + 7*t + 3. Let u be v(k). Let g(x) = x. Determine g(u).
-3
Let k(q) = -q**2 - 2. Let j(d) = -4*d**2 + d - 5. Let m(n) = 2*j(n) - 7*k(n). What is m(3)?
1
Let p(x) = -30*x**3 - x**2 - x. Let o be p(-1). Let f be o/20 + (-9)/2. Let m(w) = w**3 + 2*w**2 + 2*w + 3. Give m(f).
-12
Let i(g) = g**2 - 8*g - 5. Let j(u) = 2*u**2 - 12*u - 7. Let p(y) = 7*i(y) - 5*j(y). Calculate p(3).
-15
Let k = 18 + -22. Suppose 4*g + 2 = 5*g. Let x(t) = 2*t**3 + 4*t**2 + 0*t - t**3 - g + t. What is x(k)?
-6
Let o(k) be the second derivative of -k**4/12 - k**3/2 + 3*k**2/2 + k. Let w(p) = p**3 - 5*p**2 + 5*p - 2. Let i be w(4). What is o(i)?
-7
Suppose 2*r - 5*s = 6*r - 37, -r + 5*s = 22. Suppose 3 - 12 = -r*b. Suppose 7*l = b*l. Let w(c) = -c**3 - c**2 - c - 8. Calculate w(l).
-8
Suppose -b + 6 + 0 = 5*q, 0 = -2*q. Let d(v) = -v**2 + 5*v + 5. Let n be d(b). Let y be (-4 - n*2) + 6. Let s(z) = -z**3 + 3*z**2 + 4*z + 5. Give s(y).
5
Suppose -2*u + 6*u + 16 = 0. Let d(m) = -10*m + 1. Let a be d(1). Let z = u - a. Let g(c) = c**2 - 7*c + 1. Calculate g(z).
-9
Let k = -13 - -20. Suppose 2*q - k*q = 0. Let d(l) = l**3 - l**2 - 2. What is d(q)?
-2
Let d(f) = f + 7 - 8 + 3. Let q be d(-1). Let y be -2 + (q + 20)/3. Let b(u) = u - 1. Determine b(y).
4
Let i(u) = 3*u**3 + u + 4. Let n(h) = -3*h**3 - 3. Let q(y) = 2*i(y) + 3*n(y). Suppose 2*t - 2 = -0. Determine q(t).
-2
Let s(f) = f**2 + 0*f + 1 + 0*f**2 - f. Let j(v) = -2*v**2 - 5*v + 5. Let a(b) = j(b) + 3*s(b). Give a(6).
-4
Suppose 4*d - 4*t + 6 = 30, 4*d - 28 = 5*t. Let c(m) be the first derivative of 3*m - 2 + d*m**2 + 1/3*m**3. Calculate c(-4).
3
Let p(s) = -s + 4. Let f(q) = q - 3. Let g(o) = 4*f(o) + 5*p(o). Determine g(-6).
14
Suppose -2 = 2*f + 2*m, -2*f + m + 2*m - 7 = 0. Let z(t) = t + 3. Determine z(f).
1
Let v(z) be the first derivative of z**3/3 + 5*z**2 - 5*z + 37. Determine v(-11).
6
Let z = 162 + -158. Let b(w) = -w**2 + 3*w + 3*w - 1 - 3*w. Give b(z).
-5
Suppose 0 = 3*a - 4*a + 5*u - 13, -a - 9 = -3*u. Let d be 1*1*(0 - -1). Let w(i) = -d + i - 3*i + 0*i. What is w(a)?
5
Let x(l) = 2*l + 3. Let i(z) = 3*z + 3. Let w(a) = 3*i(a) - 4*x(a). Let v(g) = -g**2 - 7*g + 22. Let q = -26 + 17. Let r be v(q). Calculate w(r).
1
Let z(a) = a - 4. Suppose -t - 12 = -4*f + 3*t, -5*f + 6 = -2*t. Calculate z(f).
-4
Let w(s) be the first derivative of 2*s + 1/2*s**2 - 3 + 1/3*s**3. Suppose 2 = q + 5. Give w(q).
8
Let l(p) be the first derivative of -5*p**2/2 + p + 9. Let x(q) = -q - 5. Let z be x(-6). Determine l(z).
-4
Let o(j) be the first derivative of -3*j**2/2 + 3*j + 2. Suppose 0 = -3*n + 5*n - 4. What is o(n)?
-3
Let i(z) = 13*z + 7*z**2 - 7*z - 4 - 1 + z**3. What is i(-6)?
-5
Let g = 12 - 7. Suppose -x - 3*r = -15, r + 7 = -3*x + g*r. Let i(z) be the second derivative of -z**3/6 + 5*z**2/2 - z. Give i(x).
2
Let m(z) = z + 1. Let y(n) = -6*n. Let g(f) = -2*m(f) - y(f). Let a 